 + 3702. What is the hundreds digit of l(80)?
2
Let c = -40 - -45. Let w(s) = 7*s - 12*s**2 + 16*s**2 - s**3 + 6 - c*s**2. What is the tens digit of w(-6)?
4
Let s be 0/((-10)/(-25)*5). Suppose s*f - m - 262 = -2*f, f = 5*m + 113. Let q = f + -70. What is the tens digit of q?
6
Let j(u) be the third derivative of 2*u**5/15 - 4*u**4/3 + 37*u**3/6 - 66*u**2. What is the hundreds digit of j(7)?
2
Let z = -185 + -31. What is the tens digit of (z/21)/(-4)*175?
5
Let l(o) be the third derivative of -o**5/60 - 5*o**4/8 - o**3/6 + 3342*o**2. Suppose -4*r = -2*r + 28. What is the tens digit of l(r)?
1
Let c = 36546 + 12789. What is the tens digit of c?
3
Let d be 6/(-4) - 108/(-24). Let v be d + 1 + 8 + 3. Suppose 4*s - 29 = v. What is the tens digit of s?
1
Let y be 4*-4*(-4)/(-32). What is the tens digit of (-1)/(y + -1 - 31280/(-10430))?
4
Suppose 3*l + 4*w - 1473 = 0, -2*l + 0*w + 2*w = -982. Let r = l - 243. What is the units digit of r?
8
Let c(b) = 63*b**2 + 2*b. Let g be c(-1). Let w = -229 + 113. Let q = g - w. What is the hundreds digit of q?
1
Suppose -18879 - 87690 = -27*g. What is the tens digit of g?
4
Let v(y) = 4078*y**2 - 11*y + 10. What is the hundreds digit of v(1)?
0
Let s(z) = 20*z + 49. Suppose -24*i + 31*i = 63. Let g be (-15)/(-2)*12/i*1. What is the tens digit of s(g)?
4
Let o(k) = k**3 + 46*k**2 + 14*k + 31. What is the hundreds digit of o(10)?
7
Let b(k) = -25*k**3 + k**2 - 3*k + 2. Let q be b(1). What is the units digit of (-2354)/(-5) + (-5)/q?
1
Let t(c) = 163*c - 73. What is the hundreds digit of t(22)?
5
Suppose -318780 - 32223 = -23*r. What is the ten thousands digit of r?
1
Let k be 54/4*464/174. What is the tens digit of -79*k/12*16/(-6)?
3
Suppose 3*v - 9 = 6. Suppose -2*x + 140 = q, -3*q = -5*q + v*x + 298. What is the hundreds digit of q?
1
Let d(g) = 3*g + 2. Suppose -4*w - 17 = w - 2*n, 0 = 3*w - 2*n + 11. Let k be d(w). Let i = k + 13. What is the units digit of i?
6
Let c(a) = 19*a**2 + 184*a - 115. What is the thousands digit of c(-29)?
0
Suppose 4*x - 596 = 4*p, -5*x = -2*p - 650 - 95. Let k = -274 - -520. Let n = k - x. What is the units digit of n?
7
Let j(k) be the second derivative of k**5/20 - k**4/6 - k**3/6 + 7*k**2 + 11*k. Let l be j(11). Suppose 0 = 5*a - l + 257. What is the tens digit of a?
6
Let g = -69 - -113. Suppose 5*p - 2*s = 639, -p = -2*s - g - 79. What is the hundreds digit of p?
1
Suppose -143*a + 370724 + 324178 = -329550. What is the thousands digit of a?
7
Suppose 2*h - 7 = o, o + 2*h = -2*h + 5. What is the units digit of 30*10 - (-5 + (-15)/o)?
0
Let x = 13316 + -6514. What is the hundreds digit of x?
8
Suppose -4*w + 229 + 3889 = -5*v, -2462 = 3*v + 2*w. Let c = -481 - v. What is the units digit of c?
1
Let r = -5171 - -7326. What is the thousands digit of r?
2
Let w = 2 - -3. Suppose -j + 2 = w, 2*t - 182 = -2*j. Let m = t + 22. What is the units digit of m?
6
Let b be 169 + (0 + 12/3 - 6). Suppose w + 2*w = -2*u + 268, u + b = 2*w. What is the tens digit of w?
8
Suppose 0 = 8*j - 51080 - 44864. What is the hundreds digit of j?
9
Suppose -5*m - 99605 = 6*d - 11*d, -19945 = -d - 5*m. What is the thousands digit of d?
9
Suppose -2239721 + 162669 = -27*j - 14846. What is the hundreds digit of j?
3
Let q be (2/(-5))/(38/(-629185)). Suppose 18*z - 145 - q = 0. What is the units digit of z?
6
Let k(a) = -19 + 2 - a - 1 + 2. Let c be k(-14). What is the tens digit of (-53)/c + 9/24*-4?
2
Suppose -298 = 28*m - 1978. What is the tens digit of m?
6
Let y(p) = p**2 + 3*p - 7. Suppose 0 = -w + 49 - 54. Let b be y(w). Suppose -3*l = b*l - 342. What is the tens digit of l?
5
Let g = -76064 - -133270. What is the hundreds digit of g?
2
Let z(x) be the first derivative of -3*x - 38 + 5/2*x**2 - 1/4*x**4 - 2/3*x**3. What is the hundreds digit of z(-7)?
2
Let g(x) be the third derivative of -x**4/8 + 14*x**3/3 - 2*x**2 - 13*x. Suppose -27 = 2*h + 3*u, 0*h = 2*h - 2*u + 12. What is the tens digit of g(h)?
5
Let a = -94 + -36. Let u = a - -82. Let r = u - -138. What is the units digit of r?
0
Let j(a) = -a**3 + 15*a**2 + 90*a - 1. What is the hundreds digit of j(-9)?
1
Let c = -932 + 966. Suppose -w = w. Suppose -3*z + c + 290 = w. What is the hundreds digit of z?
1
Suppose 6*k - 4*y - 825 = k, -5*k - 2*y + 795 = 0. Let r = 211 - k. What is the units digit of r?
0
Let o(m) = 23*m**2 - 4483*m + 105. What is the units digit of o(207)?
1
Suppose 4*i = -2*h + 44, -80 = 2*h - 7*h - 4*i. Suppose -8*u + h*u - 3000 = 0. Suppose 5*z - 3*z - 291 = -3*a, 3*a - u = -5*z. What is the tens digit of z?
5
Let u(q) = q**2 - q. Let x(c) = -6*c**2 + 4*c + 24. Let d(n) = -5*u(n) - x(n). Let f be d(-5). Let j = f + 53. What is the units digit of j?
9
Let r(w) = -3*w**3 - 36*w**2 + 27*w - 54. Let v(h) = 2*h**3 + 24*h**2 - 18*h + 36. Let x(k) = -5*r(k) - 8*v(k). What is the tens digit of x(-14)?
4
Suppose z - 39 = -3*a, -3*a + 2*z + 58 = 10. Suppose -6*k - a = 4. What is the tens digit of 3/(k/(-43)) - (-5 + 2)?
4
Suppose -4*z = -1092 - 4380. Suppose -3*m - 270 + z = 0. Let x = -254 + m. What is the tens digit of x?
1
What is the tens digit of (-3088 + 2)/(8/(-64)*4)?
7
Let q(p) = 23*p**2 - 2*p + 8*p**2 + 130 - 128. What is the tens digit of q(-3)?
8
Let c(y) = -y**3 + y**2 + 10*y + 2. Let w(f) = f**2 - 1. Let s(m) = -c(m) + 2*w(m). Let z = 574 - 570. What is the tens digit of s(z)?
3
Let p(z) = z**3 - 5*z**2 + 2*z. Let f be p(5). Let m(d) = 8*d**2 - 11*d - 23. What is the hundreds digit of m(f)?
6
Let w(b) = 92*b - 265. Let j(c) = -89*c + 266. Let a(l) = -4*j(l) - 3*w(l). What is the hundreds digit of a(17)?
0
Let l(w) = -w**2 + 72*w - 96. Suppose -s - 2*m = -26, -15*s + m = -16*s + 30. What is the thousands digit of l(s)?
1
Let m = -573 - -813. Suppose 0 = 2*l + 3*t - 79 - 33, -4*l + m = -2*t. Suppose 5*b + q - 101 = 3*q, -l = -3*b + 2*q. What is the tens digit of b?
2
What is the thousands digit of -2*(1 + 62295/(-10))?
2
Suppose -12 = 3*u - 7*u. Suppose 0 = u*l + 58 + 38. Let y = l + 44. What is the units digit of y?
2
Let p = 122 + 154. Suppose 4*x = -2*u + p, u - 3*x + 669 = 6*u. What is the hundreds digit of u?
1
Suppose -5*y + 70 - 130 = 0. Let i = y - -43. Suppose i = 2*g - 131. What is the tens digit of g?
8
Let z = -101 + 172. Let l = z + -69. Suppose 33 = l*i - 3. What is the units digit of i?
8
Let n = -75840 + 133436. What is the units digit of n?
6
Suppose -291*v = -8856601 - 9478145. What is the units digit of v?
6
Suppose -c = -y - 13809, -4*y = 2*c - 18479 - 9091. What is the thousands digit of c?
3
Let p(v) be the third derivative of v**5/60 + 5*v**4/8 + 25*v**3/6 - 8*v**2. Let h be p(-12). Let r = 66 + h. What is the tens digit of r?
5
Suppose q + q + 2*a = 10, 5*q - 55 = 5*a. Suppose -28*y = -q*y - 320. What is the tens digit of y?
1
Let s = 288 + -59. Let f(x) = x**3 - 48*x**2 + 51*x - 208. Let y be f(47). Let t = s - y. What is the hundreds digit of t?
2
Let a be -30*2*2/(-10). Let g(v) = 4*v**2 - 13*v - 154. Let b be g(-7). Let f = b - a. What is the tens digit of f?
2
Suppose -3*w + 83978 = -3*z - 6793, -w + 5*z = -30265. What is the ten thousands digit of w?
3
Let p = -62104 - -97270. What is the ten thousands digit of p?
3
What is the units digit of (-38)/380 + 52782/20?
9
Let i be (0/(-18)*(0 - -1))/1. Suppose i = -d + 3*d - 4, -3*o - d + 4544 = 0. What is the thousands digit of o?
1
Let l(a) = -49*a**3 + 31*a**2 - 29*a - 392. What is the hundreds digit of l(-12)?
0
Suppose 0 = 5*i - 3*p - 54013, 5*i - 71978 = 2*p - 17966. What is the tens digit of i?
0
Let w be (228/10)/(18/420). Suppose -140 = 7*h - w. What is the tens digit of h?
5
Let g = 211 + -200. Let k(n) = n - 10 + 5 + 11*n - 7. What is the units digit of k(g)?
0
Let g(x) = 5*x**2 - 31*x - 94. Let q be g(-22). Suppose 0 = 110*k - 114*k + q. What is the tens digit of k?
5
Suppose 3*y = 6*y + 264. Let z = 94 + y. Suppose m = z*m - 685. What is the units digit of m?
7
Suppose 0 = 6*u - 5*u + 7*u. Suppose -5*z + 39*z - 24038 = u. What is the units digit of z?
7
Let a(r) = r**3 - 6*r**2 - 12*r + 36. Let s be a(7). Let w(t) = 28*t**3 + t**2 - 1. Let p be w(-1). What is the hundreds digit of (3/s - (-74)/(-8))*p?
1
Let w(m) = -179*m + 34370. What is the units digit of w(0)?
0
Let z(c) = c**3 + 12*c**2 - 11*c + 1. Let x be (36/20)/(-3) + (-